{"id":26,"date":"2019-07-10T09:22:27","date_gmt":"2019-07-10T07:22:27","guid":{"rendered":"https:\/\/ffw-kronach.dgremer.de\/?page_id=26"},"modified":"2022-02-26T02:01:00","modified_gmt":"2022-02-26T01:01:00","slug":"home","status":"publish","type":"page","link":"https:\/\/www.feuerwehr-kronach.org\/","title":{"rendered":"Willkommen"},"content":{"rendered":"\n<hr class=\"wp-block-separator has-text-color has-background has-black-background-color has-black-color is-style-wide\"\/>\n\n\n\n<p class=\"has-text-align-center\"><strong>Herzlich Willkommen auf der Homepage der<\/strong><\/p>\n\n\n\n<div class=\"wp-block-media-text alignwide is-vertically-aligned-center\" style=\"grid-template-columns:23% auto\"><figure class=\"wp-block-media-text__media\"><img fetchpriority=\"high\" decoding=\"async\" width=\"800\" height=\"800\" src=\"https:\/\/ffw-kronach.dgremer.de\/wp-content\/uploads\/Seitendaten\/ffkc.png\" alt=\"\" class=\"wp-image-418 size-full\" srcset=\"https:\/\/www.feuerwehr-kronach.org\/wp-content\/uploads\/Seitendaten\/ffkc.png 800w, https:\/\/www.feuerwehr-kronach.org\/wp-content\/uploads\/Seitendaten\/ffkc-150x150.png 150w, https:\/\/www.feuerwehr-kronach.org\/wp-content\/uploads\/Seitendaten\/ffkc-300x300.png 300w, https:\/\/www.feuerwehr-kronach.org\/wp-content\/uploads\/Seitendaten\/ffkc-768x768.png 768w\" sizes=\"(max-width: 800px) 100vw, 800px\" \/><\/figure><div class=\"wp-block-media-text__content\">\n<p class=\"has-text-align-left has-text-color\" style=\"color:#000000;font-size:28px\"><strong>Freiwilligen Feuerwehr<\/strong><br><strong>Stadt Kronach<\/strong><\/p>\n<\/div><\/div>\n\n\n\n<hr class=\"wp-block-separator has-text-color has-background has-black-background-color has-black-color is-style-wide\"\/>\n\n\n\n<div class=\"wp-block-uagb-info-box uagb-infobox__outer-wrap uagb-block-24210e97\"><div class=\"uagb-infobox__content-wrap uagb-infobox uagb-infobox-has-icon uagb-infobox-icon-above-title uagb-infobox-image-valign-top uagb-infobox-enable-border-radius \"><div class=\"uagb-ifb-left-right-wrap\"><div class=\"uagb-ifb-content\"><div class=\"uagb-ifb-image-icon-content uagb-ifb-imgicon-wrap\"><div class=\"uagb-ifb-icon-wrap\"><span class=\"uagb-ifb-icon\"><svg xmlns=\"http:\/\/www.w3.org\/2000\/svg\" viewbox=\"0 0 192 512\"><path d=\"M20 424.229h20V279.771H20c-11.046 0-20-8.954-20-20V212c0-11.046 8.954-20 20-20h112c11.046 0 20 8.954 20 20v212.229h20c11.046 0 20 8.954 20 20V492c0 11.046-8.954 20-20 20H20c-11.046 0-20-8.954-20-20v-47.771c0-11.046 8.954-20 20-20zM96 0C56.235 0 24 32.235 24 72s32.235 72 72 72 72-32.235 72-72S135.764 0 96 0z\"><\/path><\/svg><\/span><\/div><\/div><div class=\"uagb-ifb-title-wrap\"><\/div><div class=\"uagb-ifb-separator-parent\"><div class=\"uagb-ifb-separator\"><\/div><\/div><div class=\"uagb-ifb-text-wrap\"><p class=\"uagb-ifb-desc\">Liebe Besucher und Kameraden &#8230;<br><br>&#8230; aufgrund der Corona-Pandemie konnten wir noch nicht alle Inhalte wie geplant vollst\u00e4ndig erneuern.<br>In n\u00e4chster Zeit werden die Inhalte weiter aktualisiert und erweitert.<br><\/p><\/div><\/div><\/div><\/div><\/div>\n\n\n\n<div style=\"height:20px\" aria-hidden=\"true\" class=\"wp-block-spacer\"><\/div>\n\n\n\n<h3 class=\"wp-block-heading\" id=\"aktuelle-einsatze\">Aktuelle Eins\u00e4tze<\/h3>\n\n\n<div class=\"display-posts-listing image-left\"><div class=\"listing-item\"><a class=\"image\" href=\"https:\/\/www.feuerwehr-kronach.org\/index.php\/2024\/10\/01\/brand-ladengeschaeft-kronach\/\"><img decoding=\"async\" width=\"150\" height=\"150\" src=\"https:\/\/www.feuerwehr-kronach.org\/wp-content\/uploads\/2024\/10\/Parfum1-150x150.jpg\" class=\"attachment-thumbnail size-thumbnail wp-post-image\" alt=\"\" \/><\/a> <a class=\"title\" href=\"https:\/\/www.feuerwehr-kronach.org\/index.php\/2024\/10\/01\/brand-ladengeschaeft-kronach\/\">Brand Ladengesch\u00e4ft &#8211; Kronach<\/a> <span class=\"excerpt-dash\">-<\/span> <span class=\"excerpt\">In der Nacht von Dienstag, den 01.10.2024 auf Mittwoch kam zu einem Brandereignis in einer Parf\u00fcmerie in der Kaulangerstra\u00dfe ... <a class=\"excerpt-more\" href=\"https:\/\/www.feuerwehr-kronach.org\/index.php\/2024\/10\/01\/brand-ladengeschaeft-kronach\/\">weiterlesen<\/a><\/span><\/div><div class=\"listing-item\"><a class=\"image\" href=\"https:\/\/www.feuerwehr-kronach.org\/index.php\/2024\/06\/27\/brand-schrottplatz-reuth\/\"><img decoding=\"async\" width=\"150\" height=\"150\" src=\"https:\/\/www.feuerwehr-kronach.org\/wp-content\/uploads\/2024\/06\/IMG_1648-150x150.jpeg\" class=\"attachment-thumbnail size-thumbnail wp-post-image\" alt=\"\" \/><\/a> <a class=\"title\" href=\"https:\/\/www.feuerwehr-kronach.org\/index.php\/2024\/06\/27\/brand-schrottplatz-reuth\/\">Brand Schrottplatz &#8211; Reuth<\/a> <span class=\"excerpt-dash\">-<\/span> <span class=\"excerpt\">Schon weithin konnte man den Brand des Schrottplatzes in Reuth erkennen. Am 17.06.2024 wurden zuerst die \u00f6rtlich zust\u00e4ndigen Wehren zu&hellip; <a class=\"excerpt-more\" href=\"https:\/\/www.feuerwehr-kronach.org\/index.php\/2024\/06\/27\/brand-schrottplatz-reuth\/\">weiterlesen<\/a><\/span><\/div><div class=\"listing-item\"><a class=\"image\" href=\"https:\/\/www.feuerwehr-kronach.org\/index.php\/2024\/06\/13\/brand-dachstuhl-ziegelerden\/\"><img loading=\"lazy\" decoding=\"async\" width=\"150\" height=\"150\" src=\"https:\/\/www.feuerwehr-kronach.org\/wp-content\/uploads\/2024\/06\/IMG_1628-150x150.jpeg\" class=\"attachment-thumbnail size-thumbnail wp-post-image\" alt=\"\" \/><\/a> <a class=\"title\" href=\"https:\/\/www.feuerwehr-kronach.org\/index.php\/2024\/06\/13\/brand-dachstuhl-ziegelerden\/\">Brand Dachstuhl &#8211; Ziegelerden<\/a> <span class=\"excerpt-dash\">-<\/span> <span class=\"excerpt\">Am Donnerstag, den 13. Juni 2024 brach am sp\u00e4ten Abend ein Feuer in einem Wohnhaus im Stadtteil Ziegelerden aus. <a class=\"excerpt-more\" href=\"https:\/\/www.feuerwehr-kronach.org\/index.php\/2024\/06\/13\/brand-dachstuhl-ziegelerden\/\">weiterlesen<\/a><\/span><\/div><div class=\"listing-item\"><a class=\"image\" href=\"https:\/\/www.feuerwehr-kronach.org\/index.php\/2024\/05\/09\/brand-gebaeude-hoefles\/\"><img loading=\"lazy\" decoding=\"async\" width=\"150\" height=\"150\" src=\"https:\/\/www.feuerwehr-kronach.org\/wp-content\/uploads\/2024\/05\/Hoefles2024-1-150x150.jpg\" class=\"attachment-thumbnail size-thumbnail wp-post-image\" alt=\"\" \/><\/a> <a class=\"title\" href=\"https:\/\/www.feuerwehr-kronach.org\/index.php\/2024\/05\/09\/brand-gebaeude-hoefles\/\">Brand Dachstuhl &#8211; H\u00f6fles<\/a> <span class=\"excerpt-dash\">-<\/span> <span class=\"excerpt\">In der Nacht von Donnerstag auf Freitag, den 09. Mai 2024 kam es gegen 00:30 Uhr zu einem Geb\u00e4udebrand in&hellip; <a class=\"excerpt-more\" href=\"https:\/\/www.feuerwehr-kronach.org\/index.php\/2024\/05\/09\/brand-gebaeude-hoefles\/\">weiterlesen<\/a><\/span><\/div><div class=\"listing-item\"><a class=\"image\" href=\"https:\/\/www.feuerwehr-kronach.org\/index.php\/2023\/04\/29\/brand-dachstuhl-kaulangerstrasse\/\"><img loading=\"lazy\" decoding=\"async\" width=\"150\" height=\"150\" src=\"https:\/\/www.feuerwehr-kronach.org\/wp-content\/uploads\/2023\/05\/Kaulangerstr-3-1-150x150.jpg\" class=\"attachment-thumbnail size-thumbnail wp-post-image\" alt=\"\" \/><\/a> <a class=\"title\" href=\"https:\/\/www.feuerwehr-kronach.org\/index.php\/2023\/04\/29\/brand-dachstuhl-kaulangerstrasse\/\">Brand Dachstuhl &#8211; Kaulangerstra\u00dfe<\/a> <span class=\"excerpt-dash\">-<\/span> <span class=\"excerpt\">Am Samstag, den 29.04.2023 kam es kurz nach 17:00 Uhr zu einem Brandereignis im Dachgeschoss eines Wohngeb\u00e4udes in der Kaulangerstra\u00dfe&hellip; <a class=\"excerpt-more\" href=\"https:\/\/www.feuerwehr-kronach.org\/index.php\/2023\/04\/29\/brand-dachstuhl-kaulangerstrasse\/\">weiterlesen<\/a><\/span><\/div><div class=\"listing-item\"><a class=\"image\" href=\"https:\/\/www.feuerwehr-kronach.org\/index.php\/2023\/01\/12\/grossbrand-scheune-und-wohnhaeuser-au-kueps\/\"><img loading=\"lazy\" decoding=\"async\" width=\"150\" height=\"150\" src=\"https:\/\/www.feuerwehr-kronach.org\/wp-content\/uploads\/2023\/05\/Au-1-150x150.jpg\" class=\"attachment-thumbnail size-thumbnail wp-post-image\" alt=\"\" \/><\/a> <a class=\"title\" href=\"https:\/\/www.feuerwehr-kronach.org\/index.php\/2023\/01\/12\/grossbrand-scheune-und-wohnhaeuser-au-kueps\/\">Gro\u00dfbrand Scheune und Wohnh\u00e4user &#8211; Au (K\u00fcps)<\/a> <span class=\"excerpt-dash\">-<\/span> <span class=\"excerpt\">In der Nacht von Donnerstag, den 12. Januar 2023 auf Freitag brannte im K\u00fcpser Gemeindeteil Au kurz vor Mitternacht eine&hellip; <a class=\"excerpt-more\" href=\"https:\/\/www.feuerwehr-kronach.org\/index.php\/2023\/01\/12\/grossbrand-scheune-und-wohnhaeuser-au-kueps\/\">weiterlesen<\/a><\/span><\/div><\/div>\n\n\n\n<h3 class=\"wp-block-heading\" id=\"neuigkeiten\">Neuigkeiten<\/h3>\n\n\n<div class=\"display-posts-listing image-left\"><div class=\"listing-item\"><a class=\"image\" href=\"https:\/\/www.feuerwehr-kronach.org\/index.php\/2024\/09\/27\/grossuebung-zur-feuerwehraktionswoche-auf-der-festung-rosenberg\/\"><img loading=\"lazy\" decoding=\"async\" width=\"150\" height=\"150\" src=\"https:\/\/www.feuerwehr-kronach.org\/wp-content\/uploads\/2024\/09\/IMG_4057-150x150.jpg\" class=\"attachment-thumbnail size-thumbnail wp-post-image\" alt=\"\" \/><\/a> <a class=\"title\" href=\"https:\/\/www.feuerwehr-kronach.org\/index.php\/2024\/09\/27\/grossuebung-zur-feuerwehraktionswoche-auf-der-festung-rosenberg\/\">Gro\u00df\u00fcbung auf der Festung Rosenberg<\/a> <span class=\"excerpt-dash\">-<\/span> <span class=\"excerpt\">\u201eDie Festung brennt!\u201c war das Motto der diesj\u00e4hrigen Schau\u00fcbung zur Feuerwehraktionswoche zusammen mit allen 12 Stadtteilwehren der Stadt Kronach. <a class=\"excerpt-more\" href=\"https:\/\/www.feuerwehr-kronach.org\/index.php\/2024\/09\/27\/grossuebung-zur-feuerwehraktionswoche-auf-der-festung-rosenberg\/\">weiterlesen<\/a><\/span><\/div><div class=\"listing-item\"><a class=\"image\" href=\"https:\/\/www.feuerwehr-kronach.org\/index.php\/2024\/07\/13\/50-jaehriges-bestehen-unserer-jugendfeuerwehr\/\"><img loading=\"lazy\" decoding=\"async\" width=\"150\" height=\"150\" src=\"https:\/\/www.feuerwehr-kronach.org\/wp-content\/uploads\/2024\/07\/IMG_2454-150x150.jpeg\" class=\"attachment-thumbnail size-thumbnail wp-post-image\" alt=\"\" \/><\/a> <a class=\"title\" href=\"https:\/\/www.feuerwehr-kronach.org\/index.php\/2024\/07\/13\/50-jaehriges-bestehen-unserer-jugendfeuerwehr\/\">50-j\u00e4hriges Bestehen unserer Jugendfeuerwehr<\/a> <span class=\"excerpt-dash\">-<\/span> <span class=\"excerpt\">Unsere Jugendfeuerwehr hat diesen Samstag ihr 50-j\u00e4hriges Bestehen im Rahmen einer Gro\u00df\u00fcbung am LOEWE-Campus ... <a class=\"excerpt-more\" href=\"https:\/\/www.feuerwehr-kronach.org\/index.php\/2024\/07\/13\/50-jaehriges-bestehen-unserer-jugendfeuerwehr\/\">weiterlesen<\/a><\/span><\/div><div class=\"listing-item\"><a class=\"image\" href=\"https:\/\/www.feuerwehr-kronach.org\/index.php\/2024\/07\/05\/neufahrzeug-eingetroffen\/\"><img loading=\"lazy\" decoding=\"async\" width=\"150\" height=\"150\" src=\"https:\/\/www.feuerwehr-kronach.org\/wp-content\/uploads\/2024\/07\/3a41169c-24b9-4dcf-a236-72bb57debfdb-150x150.jpeg\" class=\"attachment-thumbnail size-thumbnail wp-post-image\" alt=\"\" \/><\/a> <a class=\"title\" href=\"https:\/\/www.feuerwehr-kronach.org\/index.php\/2024\/07\/05\/neufahrzeug-eingetroffen\/\">Neufahrzeug eingetroffen<\/a> <span class=\"excerpt-dash\">-<\/span> <span class=\"excerpt\">In den fr\u00fchen Morgenstunden des dritten Juli machten sich unser Kommandant, Vorstand und beide Ger\u00e4tewarte auf den Weg nach Ulm.&hellip; <a class=\"excerpt-more\" href=\"https:\/\/www.feuerwehr-kronach.org\/index.php\/2024\/07\/05\/neufahrzeug-eingetroffen\/\">weiterlesen<\/a><\/span><\/div><div class=\"listing-item\"><a class=\"image\" href=\"https:\/\/www.feuerwehr-kronach.org\/index.php\/2024\/06\/23\/151-jahre-feuerwehr-wallenfels\/\"><img loading=\"lazy\" decoding=\"async\" width=\"150\" height=\"150\" src=\"https:\/\/www.feuerwehr-kronach.org\/wp-content\/uploads\/2024\/06\/Wallenf2024-4-150x150.jpeg\" class=\"attachment-thumbnail size-thumbnail wp-post-image\" alt=\"\" \/><\/a> <a class=\"title\" href=\"https:\/\/www.feuerwehr-kronach.org\/index.php\/2024\/06\/23\/151-jahre-feuerwehr-wallenfels\/\">151 Jahre Feuerwehr Wallenfels<\/a> <span class=\"excerpt-dash\">-<\/span> <span class=\"excerpt\">Am Wochenende waren wir beim 151-j\u00e4hrigen Jubil\u00e4um unserer Patenfeuerwehr Wallenfels im Einsatz. <a class=\"excerpt-more\" href=\"https:\/\/www.feuerwehr-kronach.org\/index.php\/2024\/06\/23\/151-jahre-feuerwehr-wallenfels\/\">weiterlesen<\/a><\/span><\/div><div class=\"listing-item\"><a class=\"image\" href=\"https:\/\/www.feuerwehr-kronach.org\/index.php\/2023\/07\/15\/kreisleistungsmarsch-der-jugendfeuerwehren-2023\/\"><img loading=\"lazy\" decoding=\"async\" width=\"150\" height=\"150\" src=\"https:\/\/www.feuerwehr-kronach.org\/wp-content\/uploads\/2023\/07\/klm2023-1-150x150.jpg\" class=\"attachment-thumbnail size-thumbnail wp-post-image\" alt=\"\" \/><\/a> <a class=\"title\" href=\"https:\/\/www.feuerwehr-kronach.org\/index.php\/2023\/07\/15\/kreisleistungsmarsch-der-jugendfeuerwehren-2023\/\">Kreisleistungsmarsch der Jugendfeuerwehren 2023<\/a> <span class=\"excerpt-dash\">-<\/span> <span class=\"excerpt\">Der Kreisleistungsmarsch der Jugendfeuerwehren des Landkreises Kronach fand dieses Jahr bei uns in Kronach statt. Fast 300 Jugendliche, Betreuer und&hellip; <a class=\"excerpt-more\" href=\"https:\/\/www.feuerwehr-kronach.org\/index.php\/2023\/07\/15\/kreisleistungsmarsch-der-jugendfeuerwehren-2023\/\">weiterlesen<\/a><\/span><\/div><div class=\"listing-item\"><a class=\"image\" href=\"https:\/\/www.feuerwehr-kronach.org\/index.php\/2022\/05\/16\/grossbrand-mineraloelwerk-voitlaender-vor-68-jahren\/\"><img loading=\"lazy\" decoding=\"async\" width=\"150\" height=\"150\" src=\"https:\/\/www.feuerwehr-kronach.org\/wp-content\/uploads\/2022\/05\/Voitlaender1954-1-1-edited-150x150.jpg\" class=\"attachment-thumbnail size-thumbnail wp-post-image\" alt=\"\" \/><\/a> <a class=\"title\" href=\"https:\/\/www.feuerwehr-kronach.org\/index.php\/2022\/05\/16\/grossbrand-mineraloelwerk-voitlaender-vor-68-jahren\/\">Gro\u00dfbrand Mineral\u00f6lwerk Voitl\u00e4nder vor 68 Jahren<\/a> <span class=\"excerpt-dash\">-<\/span> <span class=\"excerpt\">Ein Gro\u00dfbrand vernichtete schon einmal - am 10. Juni 1954 - gro\u00dfe Teile des Mineral\u00f6lwerkes Voitl\u00e4nder ... <a class=\"excerpt-more\" href=\"https:\/\/www.feuerwehr-kronach.org\/index.php\/2022\/05\/16\/grossbrand-mineraloelwerk-voitlaender-vor-68-jahren\/\">weiterlesen<\/a><\/span><\/div><div class=\"listing-item\"><a class=\"image\" href=\"https:\/\/www.feuerwehr-kronach.org\/index.php\/2022\/05\/03\/pruefung-atemschutzlehrgang-2022\/\"><img loading=\"lazy\" decoding=\"async\" width=\"150\" height=\"150\" src=\"https:\/\/www.feuerwehr-kronach.org\/wp-content\/uploads\/2022\/05\/ASLGGr-150x150.jpg\" class=\"attachment-thumbnail size-thumbnail wp-post-image\" alt=\"\" \/><\/a> <a class=\"title\" href=\"https:\/\/www.feuerwehr-kronach.org\/index.php\/2022\/05\/03\/pruefung-atemschutzlehrgang-2022\/\">Pr\u00fcfung Atemschutzlehrgang 2022<\/a> <span class=\"excerpt-dash\">-<\/span> <span class=\"excerpt\">Nachdem der Ausbildungsbetrieb aufgrund der Coronopandemie nur eingeschr\u00e4nkt m\u00f6glich war konnten nun f\u00fcnf neue Atemschutzger\u00e4tetr\u00e4gerinnen und -ger\u00e4tetr\u00e4ger ihre praktische Pr\u00fcfung&hellip; <a class=\"excerpt-more\" href=\"https:\/\/www.feuerwehr-kronach.org\/index.php\/2022\/05\/03\/pruefung-atemschutzlehrgang-2022\/\">weiterlesen<\/a><\/span><\/div><div class=\"listing-item\"><a class=\"image\" href=\"https:\/\/www.feuerwehr-kronach.org\/index.php\/2022\/04\/02\/uebergabe-dienstkleidung-fuer-die-loeschminis\/\"><img loading=\"lazy\" decoding=\"async\" width=\"150\" height=\"150\" src=\"https:\/\/www.feuerwehr-kronach.org\/wp-content\/uploads\/2022\/04\/4ECE6490-B67D-46B9-BC66-540520F7F81E-150x150.jpeg\" class=\"attachment-thumbnail size-thumbnail wp-post-image\" alt=\"\" \/><\/a> <a class=\"title\" href=\"https:\/\/www.feuerwehr-kronach.org\/index.php\/2022\/04\/02\/uebergabe-dienstkleidung-fuer-die-loeschminis\/\">\u00dcbergabe Dienstkleidung f\u00fcr die L\u00f6schminis<\/a> <span class=\"excerpt-dash\">-<\/span> <span class=\"excerpt\">Nach langer Corona-Pause startete heute der Dienstbetrieb der Kinderfeuerwehr Kronach mit einer \u00dcberraschung ... <a class=\"excerpt-more\" href=\"https:\/\/www.feuerwehr-kronach.org\/index.php\/2022\/04\/02\/uebergabe-dienstkleidung-fuer-die-loeschminis\/\">weiterlesen<\/a><\/span><\/div><\/div>\n\n\n\n<div class=\"wp-block-uagb-marketing-button uagb-marketing-btn__outer-wrap uagb-marketing-btn__align-center uagb-marketing-btn__align-text-center uagb-marketing-btn__icon-before uagb-block-a9df51e2\" id=\"uagb-marketing-btn-6de94422-bd78-4628-bc59-1edb2126665c\"><div class=\"uagb-marketing-btn__wrap\"><a href=\"https:\/\/feuerwehr-kronach.org\/index.php\/mitmachen\/\" class=\"uagb-marketing-btn__link\" target=\"_blank\" rel=\"noopener noreferrer\"><div class=\"uagb-marketing-btn__title-wrap\"><div class=\"uagb-marketing-btn__icon-wrap\"><svg xmlns=\"http:\/\/www.w3.org\/2000\/svg\" viewbox=\"0 0 448 512\"><path d=\"M434.027 26.329l-168 28C254.693 56.218 256 67.8 256 72h-58.332C208.353 36.108 181.446 0 144 0c-39.435 0-66.368 39.676-52.228 76.203-52.039 13.051-75.381 54.213-90.049 90.884-4.923 12.307 1.063 26.274 13.37 31.197 12.317 4.926 26.279-1.075 31.196-13.37C75.058 112.99 106.964 120 168 120v27.076c-41.543 10.862-72 49.235-72 94.129V488c0 13.255 10.745 24 24 24h144c13.255 0 24-10.745 24-24V240c0-44.731-30.596-82.312-72-92.97V120h40c0 2.974-1.703 15.716 10.027 17.671l168 28C441.342 166.89 448 161.25 448 153.834V38.166c0-7.416-6.658-13.056-13.973-11.837zM144 72c-8.822 0-16-7.178-16-16s7.178-16 16-16 16 7.178 16 16-7.178 16-16 16z\"><\/path><\/svg><\/div><h6 class=\"uagb-marketing-btn__title\">Mitmachen!<\/h6><\/div><div class=\"uagb-marketing-btn__prefix-wrap\"><p class=\"uagb-marketing-btn__prefix\">Werde <strong>aktives<\/strong> oder <strong>f\u00f6rderndes Mitglied!<\/strong><\/p><\/div><\/a><\/div><\/div>\n\n\n\n<p><\/p>\n","protected":false},"excerpt":{"rendered":"<p>Herzlich Willkommen auf der Homepage der Freiwilligen FeuerwehrStadt Kronach Aktuelle Eins\u00e4tze Neuigkeiten<\/p>\n","protected":false},"author":3,"featured_media":0,"parent":0,"menu_order":1,"comment_status":"closed","ping_status":"closed","template":"","meta":{"_uag_custom_page_level_css":"","footnotes":""},"class_list":["post-26","page","type-page","status-publish","hentry"],"uagb_featured_image_src":{"full":false,"thumbnail":false,"medium":false,"medium_large":false,"large":false,"1536x1536":false,"2048x2048":false,"primer-featured":false,"primer-hero":false},"uagb_author_info":{"display_name":"Feuerwehr Kronach","author_link":"https:\/\/www.feuerwehr-kronach.org\/index.php\/author\/ffwkronach\/"},"uagb_comment_info":0,"uagb_excerpt":"Herzlich Willkommen auf der Homepage der Freiwilligen FeuerwehrStadt Kronach Aktuelle Eins\u00e4tze Neuigkeiten","_links":{"self":[{"href":"https:\/\/www.feuerwehr-kronach.org\/index.php\/wp-json\/wp\/v2\/pages\/26","targetHints":{"allow":["GET"]}}],"collection":[{"href":"https:\/\/www.feuerwehr-kronach.org\/index.php\/wp-json\/wp\/v2\/pages"}],"about":[{"href":"https:\/\/www.feuerwehr-kronach.org\/index.php\/wp-json\/wp\/v2\/types\/page"}],"author":[{"embeddable":true,"href":"https:\/\/www.feuerwehr-kronach.org\/index.php\/wp-json\/wp\/v2\/users\/3"}],"replies":[{"embeddable":true,"href":"https:\/\/www.feuerwehr-kronach.org\/index.php\/wp-json\/wp\/v2\/comments?post=26"}],"version-history":[{"count":131,"href":"https:\/\/www.feuerwehr-kronach.org\/index.php\/wp-json\/wp\/v2\/pages\/26\/revisions"}],"predecessor-version":[{"id":4750,"href":"https:\/\/www.feuerwehr-kronach.org\/index.php\/wp-json\/wp\/v2\/pages\/26\/revisions\/4750"}],"wp:attachment":[{"href":"https:\/\/www.feuerwehr-kronach.org\/index.php\/wp-json\/wp\/v2\/media?parent=26"}],"curies":[{"name":"wp","href":"https:\/\/api.w.org\/{rel}","templated":true}]}}